 485603064 a multiple of 81?
False
Is 245 a factor of 171184461?
False
Does 64 divide 831267122?
False
Is 2496 a factor of 1308757632?
True
Is 317 a factor of 39784949?
False
Does 414 divide 15552738?
True
Is 3834633485 a multiple of 1626?
False
Does 38 divide 285161006?
True
Does 4 divide 13299917?
False
Is 1257002366 a multiple of 2458?
False
Is 1618245950 a multiple of 50?
True
Is 102 a factor of 5156019930?
True
Does 489 divide 395371456?
False
Is 74314535 a multiple of 1931?
True
Does 73 divide 84695695?
True
Does 265 divide 97348048?
False
Does 42 divide 1131201414?
True
Does 29 divide 41711100?
False
Does 3 divide 26791654?
False
Does 2829 divide 248666271?
True
Is 406 a factor of 9664424?
True
Does 1192 divide 97529464?
False
Is 13613173 a multiple of 89?
True
Is 27 a factor of 326285577?
True
Is 417 a factor of 47915738?
False
Is 4 a factor of 4443584?
True
Is 129 a factor of 4451076?
False
Is 20 a factor of 22931740?
True
Is 38604101 a multiple of 179?
False
Is 29553400 a multiple of 20?
True
Does 72 divide 240278339?
False
Is 1130 a factor of 38507426?
False
Is 120 a factor of 281178000?
True
Is 76680130 a multiple of 4390?
True
Is 6 a factor of 2909858?
False
Is 1096 a factor of 1317549824?
True
Is 3912 a factor of 2500993612?
False
Is 152 a factor of 7535856?
True
Is 28 a factor of 5379222?
False
Is 132442135 a multiple of 24?
False
Does 764 divide 21479173?
False
Is 140 a factor of 116795852?
False
Is 65 a factor of 41633085?
True
Is 162737069 a multiple of 606?
False
Does 235 divide 61213975?
True
Is 880526663 a multiple of 6593?
False
Is 1368 a factor of 4026254?
False
Is 404826675 a multiple of 75?
True
Is 46546807 a multiple of 3?
False
Is 245267954 a multiple of 45?
False
Does 31 divide 174882780?
True
Does 26 divide 29271008?
True
Does 2 divide 1138743?
False
Does 57 divide 89572023?
True
Is 553 a factor of 1305178236?
False
Does 15 divide 11174970?
True
Does 236 divide 2407263318?
False
Is 4525311 a multiple of 1258?
False
Does 98 divide 16503298?
True
Is 3874946 a multiple of 34?
True
Does 37 divide 3386462?
True
Is 17 a factor of 58412255?
True
Is 572 a factor of 4295720?
True
Does 5 divide 12124091?
False
Does 9 divide 25863102?
True
Is 120507182 a multiple of 3969?
False
Is 9807192 a multiple of 1273?
True
Is 31506708 a multiple of 175?
False
Is 11615610 a multiple of 49?
False
Is 19361319 a multiple of 601?
False
Is 14010380 a multiple of 356?
True
Is 6644281005 a multiple of 15?
True
Is 61671924 a multiple of 211?
True
Is 96 a factor of 17652384?
True
Is 1387 a factor of 34591780?
True
Is 344223770 a multiple of 4790?
True
Does 1430 divide 147977199?
False
Is 15 a factor of 185998833?
False
Is 3882 a factor of 523823922?
False
Is 410107863 a multiple of 5682?
False
Is 87486381 a multiple of 112?
False
Does 15 divide 50579370?
True
Is 34141580 a multiple of 622?
True
Is 2070 a factor of 4357350?
True
Is 106 a factor of 273671884?
False
Is 21860623 a multiple of 1411?
True
Is 2225 a factor of 14569647?
False
Is 2699 a factor of 256039593?
False
Is 16 a factor of 26123936?
True
Is 44324110 a multiple of 36?
False
Does 45 divide 585601446?
False
Does 2 divide 830146?
True
Is 6 a factor of 6766801?
False
Is 246242016 a multiple of 6764?
False
Does 19 divide 2987864?
True
Does 13 divide 114873768?
False
Is 873573509 a multiple of 889?
False
Is 673062254 a multiple of 534?
False
Is 9 a factor of 133416567?
True
Is 251 a factor of 4593004071?
True
Does 78 divide 71615565?
False
Does 95 divide 965983446?
False
Is 1694 a factor of 730801649?
False
Does 1401 divide 1028334?
True
Does 356 divide 47153980?
True
Is 316 a factor of 88861387?
False
Does 347 divide 21628510?
True
Is 41006180 a multiple of 10?
True
Is 17 a factor of 634203125?
False
Is 322650554 a multiple of 71?
True
Is 3213362468 a multiple of 4414?
False
Does 881 divide 200936718?
True
Is 722 a factor of 2215958068?
True
Is 32332964 a multiple of 1051?
True
Does 1401 divide 1815806119?
False
Is 36 a factor of 1443715164?
True
Is 41388984 a multiple of 504?
True
Is 268299006 a multiple of 48?
False
Is 112364700 a multiple of 700?
True
Is 486636691 a multiple of 10?
False
Is 108 a factor of 11272932?
True
Is 290024852 a multiple of 652?
False
Is 1584513 a multiple of 3?
True
Is 311480010 a multiple of 655?
True
Does 10 divide 49068300?
True
Is 28 a factor of 24145319?
False
Is 488802366 a multiple of 522?
True
Does 95 divide 79468355?
True
Is 9665 a factor of 1217902688?
False
Is 12 a factor of 228379764?
True
Is 232235860 a multiple of 13?
False
Does 67 divide 36241908?
True
Is 60318697 a multiple of 37?
False
Is 44013093 a multiple of 1328?
False
Is 17 a factor of 341976454?
True
Is 26 a factor of 87160086?
True
Is 89328641 a multiple of 4?
False
Is 766 a factor of 363956321?
False
Is 537 a factor of 49766475?
True
Does 6 divide 1372605726?
True
Is 148700807 a multiple of 165?
False
Is 3097 a factor of 53101408?
False
Is 70 a factor of 698941014?
False
Is 9410581 even?
False
Is 100 a factor of 45480500?
True
Does 2 divide 17739283?
False
Is 273251380 a multiple of 20?
True
Does 11 divide 2767056501?
True
Is 22858992 a multiple of 184?
False
Is 132767436 a multiple of 31?
False
Does 82 divide 36653672?
True
Does 940 divide 159886643?
False
Is 4363 a factor of 349389040?
True
Does 468 divide 140935860?
True
Is 43705995 a multiple of 5?
True
Does 115 divide 5508845?
True
Is 989213178 a multiple of 4495?
False
Is 1713 a factor of 5659544?
False
Is 107070920 a multiple of 10?
True
Does 9 divide 12128308?
False
Is 4489 a factor of 718020039?
True
Is 966302818 a multiple of 170?
False
Is 131432692 a multiple of 9?
False
Is 1404744501 a multiple of 331?
False
Is 72546579 a multiple of 643?
False
Is 37124580 a multiple of 438?
False
Does 24 divide 483163032?
True
Is 43712420 a multiple of 21?
False
Is 24450081 a multiple of 23?
True
Is 44 a factor of 47856633?
False
Does 1467 divide 2649446640?
False
Is 220 a factor of 360555655?
False
Is 588741396 a multiple of 276?
True
Does 2416 divide 668280218?
False
Is 1253 a factor of 14493451?
True
Is 768719955 a multiple of 555?
True
Does 254 divide 51536407?
False
Is 2053 a factor of 87640517?
True
Is 1200214694 a multiple of 581?
True
Is 1792 a factor of 30069664?
False
Is 10 a factor of 7231498584?
False
Does 98 divide 965014820?
True
Is 14060717 a multiple of 187?
True
Does 377 divide 65621372?
False
Is 7263675 a multiple of 81?
True
Is 98 a factor of 34647900?
True
Is 294988204 a multiple of 14?
True
Does 252 divide 9807905?
False
Is 10 a factor of 13192000?
True
Does 13 divide 565423316?
False
Does 2992 divide 2447444560?
False
Is 88323500 a multiple of 50?
True
Is 259943460 a multiple of 93?
False
Does 203 divide 6514473?
True
Is 3505490 a multiple of 22?
False
Is 194762664 a multiple of 8?
True
Does 2879 divide 2651559?
True
Is 666864898 a multiple of 322?
True
Is 376839490 a multiple of 67?
True
Does 55 divide 36543760?
True
Is 202727205 a multiple of 27?
True
Is 13 a factor of 39643981?
True
Is 5090133 a multiple of 365?
False
Does 2 divide 42991017?
False
Is 3555344030 a multiple of 48?
False
Is 599 a factor of 186615455?
True
Is 235479822 a multiple of 321?
True
Is 26 a factor of 32821005?
False
Is 67 a factor of 22150895?
False
Is 37501288 a multiple of 56?
False
Is 12 a factor of 3589920?
True
Is 163 a factor of 102232458?
False
Does 2210 divide 17872270?
True
Is 358617585 a multiple of 1541?
False
Is 1451163 a multiple of 38?
False
Is 98 a factor of 1816068837?
False
Does 13 divide 7486602?
False
Is 82 a factor of 290933540?
True
Does 90 divide 41446848?
False
Is 17672172 a multiple of 21?
True
Is 801390783 a multiple of 106?
False
Is 193709328 a multiple of 2?
True
Is 550651255 a multiple of 1463?
True
Is 1313 a factor of 977925026?
True
Is 2110570924 a multiple of 85?
False
Is 167251154 a multiple of 14?
True
Is 35485050 a multiple of 48?
False
Does 548 divide 476893712?
True
Is 14 a factor of 163838918?
False
Is 33 a factor of 248327574?
True
Does 963 divide 64469275?
False
Is 140438649 a multiple of 3?
True
Does 911 divide 631759569?
False
Does 58 divide 55082716?
True
Is 1056886668 a multiple of 51?
True
Is 11722873 a multiple of 1199?
False
Is 13995076 a multiple of 139?
True
Is 16 a factor of 1450982150?
